
INSERT INTO `config`(`key`, `value`, `name`, `active`, `create_time`, `update_time`, `update_by`)
select CONCAT(`code`,'004'),'派出所', 'POLICESTATION', '', now(), now(), '' from sysarea where parentid='2284' and `name` != '北海市';

#广西
INSERT INTO `module` (`id`, `native_code`, `code`, `name`, `url`, `seq`, `index`, `shortcut`, `class`, `action`, `active`, `create_time`, `update_time`, `update_by`, `moduletype`) 
VALUES ('120', '45', 'approveLinkManager', '审批环节管理', NULL, '120', '\0', '\0', NULL, NULL, '', now(), now(), 'system', '1');
INSERT INTO `module` (`id`, `native_code`, `code`, `name`, `url`, `seq`, `index`, `shortcut`, `class`, `action`, `active`, `create_time`, `update_time`, `update_by`, `moduletype`) 
VALUES ('121', '45', 'approveTempManager', '审批业务管理', NULL, '121', '\0', '\0', NULL, NULL, '', now(), now(), 'system', '1');
INSERT INTO `operation` (`id`, `native_code`, `code`, `name`, `module_id`, `active`, `create_time`, `update_time`, `update_by`) 
VALUES ('232', '45', 'view', '查看', '121', '', now(), now(), 'system');
INSERT INTO `operation` (`id`, `native_code`, `code`, `name`, `module_id`, `active`, `create_time`, `update_time`, `update_by`) 
VALUES ('233', '45', 'globalset', '全局设置', '121', '', now(), now(), 'system');
INSERT INTO `operation` (`id`, `native_code`, `code`, `name`, `module_id`, `active`, `create_time`, `update_time`, `update_by`) 
VALUES ('234', '45', 'edit', '修改', '121', '', now(), now(), 'system');
INSERT INTO `operation` (`id`, `native_code`, `code`, `name`, `module_id`, `active`, `create_time`, `update_time`, `update_by`) 
VALUES ('235', '45', 'view', '查看', '120', '', now(), now(), 'system');

INSERT INTO `permission` (`native_code`, `role_id`, `module_id`, `operation_id`, `roletype`) VALUES ('45', '1', '121', '232', '2');
INSERT INTO `permission` (`native_code`, `role_id`, `module_id`, `operation_id`, `roletype`) VALUES ('45', '1', '121', '233', '2');
INSERT INTO `permission` (`native_code`, `role_id`, `module_id`, `operation_id`, `roletype`) VALUES ('45', '1', '121', '234', '2');
INSERT INTO `permission` (`native_code`, `role_id`, `module_id`, `operation_id`, `roletype`) VALUES ('45', '6', '120', '235', '2');

INSERT INTO `user_role` (`native_code`, `active`, `create_time`, `update_time`, `update_by`, `roleid`, `userid`, `roleType`) 
VALUES ('45', '', now(), now(), 'system', '6', '3', '2');

