-- #假期类型
INSERT INTO `eb_approve_holiday_type` (`id`, `name`, `new_employee_limit`, `new_employee_limit_month`, `duration_type`, `duration_calc_type`, `created_at`, `updated_at`, `deleted_at`) VALUES
(1, '事假', 0, 1, 1, 0, '2023-11-24 04:10:40', '2023-11-24 04:10:40', NULL),
(2, '年假', 1, 12, 0, 0, '2023-11-24 04:10:54', '2023-11-24 04:10:54', NULL),
(3, '陪产假', 0, 1, 0, 0, '2023-11-24 04:11:01', '2023-11-24 04:11:01', NULL),
(4, '调休', 0, 1, 1, 0, '2023-11-24 04:11:11', '2023-11-24 04:11:11', NULL),
(5, '产假', 0, 1, 0, 0, '2023-11-24 04:11:29', '2023-11-24 04:11:29', NULL),
(6, '丧假', 0, 1, 0, 0, '2023-11-24 04:11:50', '2023-11-24 04:11:50', NULL);

-- #考核计划
INSERT INTO `eb_assess_plan` (`id`, `entid`, `create_time`, `create_month`, `assess_type`, `period`, `make_type`, `make_day`, `eval_type`, `eval_day`, `verify_type`, `verify_day`, `status`, `uniqued`, `created_at`, `updated_at`) VALUES
(1, 1, 1, 0, 0, 2, 'before', 3, 'before', 2, 'after', 7, 1, '', '2023-11-23 07:37:26', '2023-11-23 07:37:26');


-- #客户标签
INSERT INTO `eb_client_label` (`id`, `entid`, `name`, `sort`, `pid`, `created_at`, `updated_at`) VALUES
(1, 1, '瘦小客户', 0, 0, '2022-08-18 11:03:56', '2022-08-18 11:03:56'),
(2, 1, '小客户', 0, 1, '2022-08-18 11:03:56', '2022-08-18 11:03:56'),
(3, 1, '一次性客户', 0, 1, '2022-08-18 11:03:56', '2022-08-18 11:03:56'),
(4, 1, '问题客户', 0, 0, '2022-08-18 11:03:56', '2022-08-18 11:03:56'),
(5, 1, '危险客户', 0, 4, '2022-08-18 11:03:56', '2022-08-18 11:03:56'),
(6, 1, '提醒客户', 0, 4, '2022-08-18 11:03:56', '2022-08-18 11:03:56'),
(7, 1, '金牛客户', 0, 0, '2022-08-18 11:03:56', '2022-08-18 11:03:56'),
(8, 1, '老客户', 0, 7, '2022-08-18 11:03:56', '2022-08-18 11:03:56'),
(9, 1, '重点客户', 0, 7, '2022-08-18 11:03:56', '2022-08-18 11:03:56'),
(10, 1, '忠实客户', 0, 7, '2022-08-18 11:03:56', '2022-08-18 11:03:56'),
(11, 1, '明星客户', 0, 0, '2022-08-18 11:03:56', '2022-08-18 11:03:56'),
(12, 1, '重要客户', 0, 11, '2022-08-18 11:03:56', '2022-08-18 11:03:56'),
(13, 1, '意向客户', 0, 11, '2022-08-18 11:03:56', '2022-08-18 11:03:56'),
(14, 1, '大金额客户', 0, 11, '2022-08-18 11:03:56', '2022-08-18 11:03:56');

-- #客户所属标签
INSERT INTO `eb_client_labels` (`id`, `eid`, `label_id`, `created_at`, `updated_at`) VALUES
(1, 1, 9, '2023-11-23 09:34:04', '2023-11-23 09:34:04'),
(2, 1, 12, '2023-11-23 09:34:04', '2023-11-23 09:34:04');

-- #日报汇报人
INSERT INTO `eb_daily_report_member` (`id`, `daily_id`, `member`, `created_at`, `updated_at`) VALUES
(1, 1, 1, '2023-11-23 10:01:57', '2023-11-23 10:01:57');

-- #员工培训
INSERT INTO `eb_employee_train` (`id`, `type`, `content`, `created_at`, `updated_at`) VALUES
(1, 'company_profile', '&lt;p style=&quot;line-height:2;&quot;&gt;&amp;nbsp;&amp;nbsp;&amp;nbsp;&amp;nbsp;西安众邦网络科技有限公司是一家致力于互联网软件设计、研发、销售为一体的高新技术企业。自2014年成立以来，众邦科技将客户关系管理与电子商务应用场景进行深度集成，围绕新零售、智慧商业、企业数字化经营等课题进行探索创新，打造出中国私有化独立应用电商软件知名品牌——CRMEB。&lt;/p&gt;&lt;p style=&quot;line-height:2;&quot;&gt;&amp;nbsp;&amp;nbsp;&amp;nbsp;&amp;nbsp;CRMEB通过“去中心化”的新零售解决方案，助力企业实现公域流量向私域流量的转化；以性能稳定、高并发、云部署的核心技术赋能开发者，提速企业数字化；通过开源核心产品、核心技术，吸引第三方开发者加入并打造出CRMEB产品生态，为广大商家提供更多应用选择与更优质的服务。&lt;/p&gt;&lt;p style=&quot;line-height:2;&quot;&gt;&amp;nbsp;&amp;nbsp;&amp;nbsp;&amp;nbsp;经过9年时间的高速发展，众邦科技现已拥有60余人的核心技术研发团队，获得50余项自主知识产权，发展出500余家技术服务商，累计服务超40余万家企业，其自主研发的“CRMEB开源版”GVP开源项目在PHP语言开源领域长期排名前三，各项成绩的取得，让众邦科技一跃成长为中国领军的企业数字化经营软件提供商。&lt;/p&gt;', NULL, NULL),
(2, 'strategic_plan', '&lt;p&gt;以下是一个公司八大目标，您可以根据实际情况进行调整和修改：&lt;/p&gt;&lt;ol&gt;&lt;li&gt;战略目标：明确公司的战略方向和目标，包括市场定位、产品定位、销售目标等。&lt;/li&gt;&lt;li&gt;财务目标：制定公司的财务目标，包括收入、利润、投资回报率等指标。&lt;/li&gt;&lt;li&gt;市场份额目标：确定公司在市场中的份额目标，包括总体市场份额、主要产品市场份额等。&lt;/li&gt;&lt;li&gt;客户满意度目标：制定客户满意度目标，包括客户满意度调查、投诉处理等指标。&lt;/li&gt;&lt;li&gt;团队建设目标：加强团队建设，包括员工培训、团队文化、员工福利等指标。&lt;/li&gt;&lt;li&gt;组织结构优化目标：优化组织结构，提高管理效率和执行力，包括部门重组、流程再造等指标。&lt;/li&gt;&lt;li&gt;风险控制目标：制定风险控制目标，包括风险管理计划、风险预警机制等指标。&lt;/li&gt;&lt;li&gt;企业文化与品牌形象目标：塑造企业文化和品牌形象，包括品牌知名度、企业文化建设等指标。&lt;/li&gt;&lt;/ol&gt;&lt;p&gt;在制定公司八大目标时，需要注意以下几点：&lt;/p&gt;&lt;ol&gt;&lt;li&gt;目标要明确具体：目标应该明确具体，可衡量和可实现，避免模糊和抽象。&lt;/li&gt;&lt;li&gt;考虑利益相关者：目标应该考虑企业利益相关者的利益，包括股东、员工、客户、供应商等。&lt;/li&gt;&lt;li&gt;与战略一致：目标应该与公司的战略规划一致，以保证战略的有效实施。&lt;/li&gt;&lt;li&gt;资源配置：目标的实现需要合理的资源配置，包括人力、物力、财力等方面。&lt;/li&gt;&lt;li&gt;监控与评估：对目标的实施过程进行监控和评估，及时调整目标方向和计划，确保目标的实现。&lt;/li&gt;&lt;/ol&gt;&lt;p&gt;总之，公司八大目标是公司战略规划的重要组成部分，需要全面考虑外部环境和内部条件，制定具体明确的目标和实施计划，并注意与战略一致、资源配置、监控与评估等方面的问题。&lt;/p&gt;', NULL, NULL),
(3, 'organization_chart', '&lt;p&gt;&lt;img src=&quot;http://crmebent.oss-cn-hangzhou.aliyuncs.com/files/87fbb177ef4d6f142a475228e62e4a4e.jpg&quot; style=&quot;max-width:100%;&quot;/&gt;&lt;br/&gt;&lt;/p&gt;', NULL, NULL);

-- #支付方式
INSERT INTO `eb_enterprise_paytype` (`id`, `entid`, `type_id`, `name`, `ident`, `info`, `status`, `sort`, `created_at`, `updated_at`) VALUES
(1, 1, 0, '企业公户', '', '', 1, 1, '2023-11-23 07:54:56', '2023-11-23 07:54:56'),
(2, 1, 0, '企业支付宝', '', '', 1, 1, '2023-11-23 07:55:07', '2023-11-23 07:55:07'),
(3, 1, 0, '企业微信', '', '', 1, 1, '2023-11-23 07:55:15', '2023-11-23 07:55:15'),
(4, 1, 0, '个人微信', '', '', 1, 1, '2023-11-23 09:49:22', '2023-11-23 09:49:22'),
(5, 1, 0, '备用金', '', '', 1, 1, '2023-11-23 09:49:29', '2023-11-23 09:49:29');

-- #海氏评估
INSERT INTO `eb_hay_group` (`id`, `name`, `uid`, `created_at`, `updated_at`, `deleted_at`) VALUES
(1, '评估表20231123', 1, '2023-11-23 10:40:09', '2023-11-23 10:40:09', NULL);

-- #海氏评估数据
INSERT INTO `eb_hay_group_data` (`id`, `group_id`, `uid`, `col1`, `col2`, `col3`, `col4`, `col5`, `col6`, `col7`, `col8`, `col9`, `col10`, `col11`, `col12`, `col13`, `col14`, `col15`, `col16`, `sort`, `created_at`, `updated_at`) VALUES
(1, 1, 1, 1, 7, 4, 2, 2, 7, 4, 2, 7, 4, '[\"2\",\"2\"]', 2, '40', '60', '1011.20', '1.00', 0, '2023-11-23 10:40:09', '2023-11-23 10:40:09');

-- #消息模板变量
INSERT INTO `eb_message` (`id`, `entid`, `relation_id`, `cate_id`, `cate_name`, `template_type`, `template_var`, `template_time`, `title`, `content`, `remind_time`, `user_sub`, `deleted_at`, `created_at`, `updated_at`) VALUES
(1, 1, 4, 77, '绩效考核', 'assess_target', '[\"{#\\u8d1f\\u8d23\\u90e8\\u95e8}\",\"{#\\u8003\\u6838\\u7c7b\\u578b}\",\"{#\\u65f6\\u95f41}\",\"{#\\u65f6\\u95f42}\",\"{#\\u65f6\\u95f43}\"]', 1, '制定考核目标提醒', '您还未创建{#负责部门}的{#时间2}考核目标，请您尽快制定考核任务！！！', '09:00', 0, NULL, '2023-11-25 07:56:45', '2023-11-29 09:33:09'),
(2, 1, 5, 76, '日常汇报', 'daily_remind', NULL, 1, '日报填写提醒', '今天您还未填写日报，再忙也要记得总结沉淀哦！', '09:00', 0, NULL, '2023-11-25 07:56:45', '2023-11-29 09:33:09'),
(3, 1, 37, 60, '', 'assess_abnormal', '[\"{#\\u88ab\\u8003\\u6838\\u4eba\\u90e8\\u95e8}\",\"{#\\u88ab\\u8003\\u6838\\u4eba}\",\"{#\\u8003\\u6838\\u7c7b\\u578b}\",\"{#\\u8003\\u6838\\u5468\\u671f}\",\"{#\\u5f00\\u59cb\\u65f6\\u95f4}\",\"{#\\u7ed3\\u675f\\u65f6\\u95f4}\"]', 1, '考核异常提醒', '未找到{#被考核人}上{#时间1}考核任务，请核查原因！', '09:00', 0, NULL, '2023-11-25 07:56:45', '2023-11-29 09:33:09'),
(4, 1, 38, 80, '财务审核', 'contract_invoice', '[\"{#\\u5173\\u8054\\u5408\\u540c\\u540d\\u79f0}\",\"{#\\u5408\\u540c\\u91d1\\u989d}\",\"{#\\u5408\\u540c\\u5f00\\u59cb\\u65f6\\u95f4}\",\"{#\\u5408\\u540c\\u7ed3\\u675f\\u65f6\\u95f4}\",\"{#\\u5ba2\\u6237\\u540d\\u79f0}\",\"{#\\u4e1a\\u52a1\\u5458}\",\"{#\\u7533\\u8bf7\\u65f6\\u95f4}\",\"{#\\u5f00\\u7968\\u91d1\\u989d}\",\"{#\\u5f00\\u7968\\u7c7b\\u578b}\",\"{#\\u53d1\\u7968\\u62ac\\u5934}\",\"{#\\u7a0e\\u53f7}\"]', 0, '开具发票申请', '{#业务员}于{#申请时间}申请{#关联合同}的发票开具，请您及时处理！', '', 0, NULL, '2023-11-25 07:56:45', '2023-11-29 09:33:09'),
(5, 1, 39, 77, '绩效考核', 'assess_end', '[\"{#\\u8003\\u6838\\u540d\\u79f0}\",\"{#\\u8003\\u6838\\u7c7b\\u578b}\",\"{#\\u8003\\u6838\\u5468\\u671f}\",\"{#\\u5f00\\u59cb\\u65f6\\u95f4}\",\"{#\\u7ed3\\u675f\\u65f6\\u95f4}\"]', 1, '考核结束提醒', '请注意{#考核名称}今日结束！', '09:00', 0, NULL, '2023-11-25 07:56:45', '2023-11-29 09:33:09'),
(6, 1, 40, 77, '绩效考核', 'assess_appeal', '[\"{#\\u8003\\u6838\\u540d\\u79f0}\",\"{#\\u8003\\u6838\\u7c7b\\u578b}\",\"{#\\u5f00\\u59cb\\u65f6\\u95f4}\",\"{#\\u7ed3\\u675f\\u65f6\\u95f4}\",\"{#\\u7533\\u8bc9\\u4eba}\",\"{#\\u7533\\u8bc9\\u4eba\\u90e8\\u95e8}\",\"{#\\u7533\\u8bc9\\u65f6\\u95f4}\"]', 0, '绩效申诉请求', '{#申诉人}于{#申诉时间}提交了绩效考核申诉，请您及时处理！', '', 0, NULL, '2023-11-25 07:56:45', '2023-11-29 09:33:09'),
(7, 1, 41, 77, '绩效考核', 'assess_appeal_result', '[\"{#\\u8003\\u6838\\u540d\\u79f0}\",\"{#\\u8003\\u6838\\u7c7b\\u578b}\",\"{#\\u5f00\\u59cb\\u65f6\\u95f4}\",\"{#\\u7ed3\\u675f\\u65f6\\u95f4}\",\"{#\\u7533\\u8bc9\\u4eba}\",\"{#\\u7533\\u8bc9\\u4eba\\u90e8\\u95e8}\",\"{#\\u7533\\u8bc9\\u65f6\\u95f4}\"]', 0, '绩效申诉结果', '您于{#申诉时间}提交的绩效考核申诉已完成，请注意查看结果！', '', 0, NULL, '2023-11-25 07:56:45', '2023-11-29 09:33:09'),
(8, 1, 42, 77, '绩效考核', 'assess_start', '[\"{#\\u8d1f\\u8d23\\u90e8\\u95e8}\",\"{#\\u8003\\u6838\\u7c7b\\u578b}\",\"{#\\u8003\\u6838\\u5468\\u671f}\",\"{#\\u8003\\u6838\\u5f00\\u59cb\\u65f6\\u95f4}\",\"{#\\u8003\\u6838\\u7ed3\\u675f\\u65f6\\u95f4}\",\"{#\\u65f6\\u95f41}\",\"{#\\u65f6\\u95f42}\",\"{#\\u65f6\\u95f43}\"]', 1, '开启考核提醒', '您还未开启{#负责部门}{#时间2}考核任务，请您尽快开启考核任务！', '09:00', 0, NULL, '2023-11-25 07:56:45', '2023-11-29 09:33:09'),
(9, 1, 57, 77, '绩效考核', 'assess_selt', '[\"{#\\u8003\\u6838\\u540d\\u79f0}\",\"{#\\u8003\\u6838\\u7c7b\\u578b}\",\"{#\\u8003\\u6838\\u5468\\u671f}\",\"{#\\u5f00\\u59cb\\u65f6\\u95f4}\",\"{#\\u7ed3\\u675f\\u65f6\\u95f4}\",\"{#\\u8003\\u6838\\u4eba}\",\"{#\\u8003\\u6838\\u4eba\\u90e8\\u95e8}\",\"{#\\u65f6\\u95f4}\",\"{#\\u65f6\\u95f42}\",\"{#\\u65f6\\u95f43}\"]', 1, '自我评价提醒', '您还未对{#考核名称}进行自我评价，请您尽快完成自我评价！', '09:00', 0, NULL, '2023-11-25 07:56:45', '2023-11-29 09:33:09'),
(10, 1, 58, 77, '绩效考核', 'assess_examine', '[\"{#\\u8d1f\\u8d23\\u90e8\\u95e8}\",\"{#\\u8003\\u6838\\u540d\\u79f0}\",\"{#\\u8003\\u6838\\u7c7b\\u578b}\",\"{#\\u8003\\u6838\\u5468\\u671f}\",\"{#\\u5f00\\u59cb\\u65f6\\u95f4}\",\"{#\\u7ed3\\u675f\\u65f6\\u95f4}\",\"{#\\u88ab\\u8003\\u6838\\u4eba}\",\"{#\\u88ab\\u8003\\u6838\\u4eba\\u90e8\\u95e8}\",\"{#\\u65f6\\u95f4}\"]', 1, '上级评价提醒', '您还未完成{#负责部门} {#考核名称}的考核评价，请您尽快处理！', '09:00', 0, NULL, '2023-11-25 07:56:45', '2023-11-29 09:33:09'),
(11, 1, 59, 77, '绩效考核', 'assess_publish', '[\"{#\\u8003\\u6838\\u540d\\u79f0}\",\"{#\\u8003\\u6838\\u5f00\\u59cb\\u65f6\\u95f4}\",\"{#\\u8003\\u6838\\u7ed3\\u675f\\u65f6\\u95f4}\",\"{#\\u8003\\u6838\\u4eba}\",\"{#\\u8003\\u6838\\u4eba\\u90e8\\u95e8}\"]', 0, '考核目标发布', '{#考核名称}目标已发布，请注意查看您的考核目标！', '', 0, NULL, '2023-11-25 07:56:45', '2023-11-29 09:33:09'),
(12, 1, 60, 78, '申请审批', 'business_approval', '[\"{#\\u7533\\u8bf7\\u4eba\\u90e8\\u95e8}\",\"{#\\u7533\\u8bf7\\u4eba}\",\"{#\\u7533\\u8bf7\\u65f6\\u95f4}\",\"{#\\u4e1a\\u52a1\\u7c7b\\u578b}\"]', 0, '业务审批提醒', '{#申请人部门}  {#申请人}于{#申请时间}提交{#业务类型}，请您及时审批！', '', 0, NULL, '2023-11-25 07:56:45', '2023-11-29 09:33:09'),
(13, 1, 61, 78, '申请审批', 'business_recall', '[\"{#\\u7533\\u8bf7\\u4eba\\u5355\\u4f4d}\",\"{#\\u7533\\u8bf7\\u4eba}\",\"{#\\u7533\\u8bf7\\u65f6\\u95f4}\",\"{#\\u4e1a\\u52a1\\u7c7b\\u578b}\"]', 0, '业务撤回提醒', '因特殊原因，您已审批通过的 {#申请人单位}{#申请人}于{#申请时间}发起的{#业务类型}申请，已撤销！', '', 0, NULL, '2023-11-25 07:56:45', '2023-11-29 09:33:09'),
(14, 1, 62, 78, '申请审批', 'business_adopt_apply', '[\"{#\\u7533\\u8bf7\\u4eba\\u90e8\\u95e8}\",\"{#\\u7533\\u8bf7\\u4eba}\",\"{#\\u7533\\u8bf7\\u65f6\\u95f4}\",\"{#\\u4e1a\\u52a1\\u7c7b\\u578b}\"]', 0, '审批通过提醒', '{#申请人部门}{#申请人}于{#申请时间}提交的{#业务类型}申请，已通过审批！', '', 0, NULL, '2023-11-25 07:56:45', '2023-11-29 09:33:09'),
(15, 1, 63, 78, '申请审批', 'business_adopt_cc', '[\"{#\\u7533\\u8bf7\\u4eba\\u90e8\\u95e8}\",\"{#\\u7533\\u8bf7\\u4eba}\",\"{#\\u7533\\u8bf7\\u65f6\\u95f4}\",\"{#\\u4e1a\\u52a1\\u7c7b\\u578b}\"]', 0, '审批抄送提醒', '{#申请人部门}{#申请人}于{#申请时间}提交的{#业务类型}申请，已通过审批！', '', 0, NULL, '2023-11-25 07:56:45', '2023-11-29 09:33:09'),
(16, 1, 64, 78, '申请审批', 'business_fail', '[\"{\\u8ba1\\u5212\\u5f00\\u59cb\\u65f6\\u95f4}\",\"{#\\u8ba1\\u5212\\u7ed3\\u675f\\u65f6\\u95f4}\",\"{#\\u4e1a\\u52a1\\u7c7b\\u578b}\"]', 0, '审批未通过提醒', '您提交的{#业务类型}申请，未通过审批！', '', 0, NULL, '2023-11-25 07:56:45', '2023-11-29 09:33:09'),
(17, 1, 65, 76, '日常汇报', 'daily_show_remind', '[\"{#\\u6c47\\u62a5\\u4eba}\",\"{#\\u6c47\\u62a5\\u4eba\\u90e8\\u95e8}\",\"{#\\u6c47\\u62a5\\u7c7b\\u578b}\",\"{#\\u5de5\\u4f5c\\u5185\\u5bb9}\",\"{#\\u5de5\\u4f5c\\u8ba1\\u5212}\",\"{#\\u5907\\u6ce8\\u5185\\u5bb9}\"]', 0, '日报查看提醒', '{#汇报人}的{#汇报类型}已提交，请及时查看！', '', 0, NULL, '2023-11-25 07:56:45', '2023-11-29 09:33:09'),
(18, 1, 66, 79, '客户合同', 'contract_urgent_renew', '[\"{#\\u5408\\u540c\\u540d\\u79f0}\",\"{#\\u7eed\\u8d39\\u7c7b\\u578b}\",\"{#\\u7eed\\u8d39\\u5230\\u671f\\u65f6\\u95f4}\",\"{#\\u5ba2\\u6237\\u540d\\u79f0}\",\"{#\\u4e1a\\u52a1\\u5458}\"]', 1, '续费即将到期提醒', '{#合同名称} {#续费类型}余额剩余30天，请记得联系客户进行续费哦！', '09:00', 0, NULL, '2023-11-25 07:56:45', '2023-11-29 09:33:09'),
(19, 1, 67, 79, '客户合同', 'contract_day_remind', '[\"{#\\u5408\\u540c\\u540d\\u79f0}\",\"{#\\u5408\\u540c\\u91d1\\u989d}\",\"{#\\u5408\\u540c\\u5f00\\u59cb\\u65f6\\u95f4}\",\"{#\\u5408\\u540c\\u7ed3\\u675f\\u65f6\\u95f4}\",\"{#\\u5ba2\\u6237\\u540d\\u79f0}\",\"{#\\u4e1a\\u52a1\\u5458}\"]', 1, '续费今日到期提醒', '{#合同名称} {#续费类型}今日到期，请立刻联系客户进行续费哦！', '09:00', 0, NULL, '2023-11-25 07:56:45', '2023-11-29 09:33:09'),
(20, 1, 68, 79, '客户合同', 'contract_overdue_remind', '[\"{#\\u5408\\u540c\\u540d\\u79f0}\",\"{#\\u7eed\\u8d39\\u7c7b\\u578b}\",\"{#\\u7eed\\u8d39\\u5230\\u671f\\u65f6\\u95f4}\",\"{#\\u5ba2\\u6237\\u540d\\u79f0}\",\"{#\\u4e1a\\u52a1\\u5458}\"]', 1, '续费过期提醒', '{#合同名称} {#续费类型}已超期，请立刻联系客户进行核实续费哦！', '09:00', 0, NULL, '2023-11-25 07:56:45', '2023-11-29 09:33:09'),
(21, 1, 69, 80, '财务审核', 'contract_return_money', '[\"{#\\u5173\\u8054\\u5408\\u540c\\u540d\\u79f0}\",\"{#\\u5408\\u540c\\u91d1\\u989d}\",\"{#\\u5408\\u540c\\u5f00\\u59cb\\u65f6\\u95f4}\",\"{#\\u5408\\u540c\\u7ed3\\u675f\\u65f6\\u95f4}\",\"{#\\u5ba2\\u6237\\u540d\\u79f0}\",\"{#\\u4e1a\\u52a1\\u5458}\",\"{#\\u7533\\u8bf7\\u65f6\\u95f4}\",\"{#\\u56de\\u6b3e\\u91d1\\u989d}\",\"{#\\u4e1a\\u52a1\\u5185\\u5bb9}\"]', 0, '回款核对请求', '{#业务员}于{#申请时间}申请{#关联合同名称}的合同回款核对，请您及时审核！', '', 0, NULL, '2023-11-25 07:56:45', '2023-11-29 09:33:09'),
(22, 1, 70, 80, '财务审核', 'contract_renew', '[\"{#\\u5173\\u8054\\u5408\\u540c\\u540d\\u79f0}\",\"{#\\u5408\\u540c\\u91d1\\u989d}\",\"{#\\u5408\\u540c\\u5f00\\u59cb\\u65f6\\u95f4}\",\"{#\\u5408\\u540c\\u7ed3\\u675f\\u65f6\\u95f4}\",\"{#\\u5ba2\\u6237\\u540d\\u79f0}\",\"{#\\u4e1a\\u52a1\\u5458}\",\"{#\\u7533\\u8bf7\\u65f6\\u95f4}\",\"{#\\u7eed\\u8d39\\u91d1\\u989d}\",\"{#\\u7eed\\u8d39\\u7c7b\\u578b}\",\"{#\\u4e1a\\u52a1\\u5185\\u5bb9}\"]', 0, '续费核对请求', '{#业务员}于{#申请时间}申请{#关联合同名称}的合同续费核对，请您及时审核！', '', 0, NULL, '2023-11-25 07:56:45', '2023-11-29 09:33:09'),
(23, 1, 71, 80, '财务审核', 'finance_verify_success', '[\"{#\\u5173\\u8054\\u5408\\u540c\\u540d\\u79f0}\",\"{#\\u5408\\u540c\\u91d1\\u989d}\",\"{#\\u5408\\u540c\\u5f00\\u59cb\\u65f6\\u95f4}\",\"{#\\u5408\\u540c\\u7ed3\\u675f\\u65f6\\u95f4}\",\"{#\\u5ba2\\u6237\\u540d\\u79f0}\",\"{#\\u7533\\u8bf7\\u65f6\\u95f4}\",\"{#\\u91d1\\u989d}\",\"{#\\u4e1a\\u52a1\\u5185\\u5bb9}\",\"{#\\u5907\\u6ce8\\u5185\\u5bb9}\"]', 0, '付款审核通过', '您于{#申请时间}申请{#关联合同名称}的合同款项核对已通过！', '', 0, NULL, '2023-11-25 07:56:45', '2023-11-29 09:33:09'),
(24, 1, 72, 80, '财务审核', 'finance_verify_fail', '[\"{#\\u5173\\u8054\\u5408\\u540c\\u540d\\u79f0}\",\"{#\\u5408\\u540c\\u91d1\\u989d}\",\"{#\\u5408\\u540c\\u5f00\\u59cb\\u65f6\\u95f4}\",\"{#\\u5408\\u540c\\u7ed3\\u675f\\u65f6\\u95f4}\",\"{#\\u5ba2\\u6237\\u540d\\u79f0}\",\"{#\\u7533\\u8bf7\\u65f6\\u95f4}\",\"{#\\u5f00\\u7968\\u91d1\\u989d}\",\"{#\\u5f00\\u7968\\u7c7b\\u578b}\",\"{#\\u53d1\\u7968\\u62ac\\u5934}\",\"{#\\u7a0e\\u53f7}\",\"{#\\u5907\\u6ce8\\u5185\\u5bb9}\"]', 0, '付款审核未通过', '您于{#申请时间}申请{#关联合同}的合同款项核对未通过，备注：{#备注内容}。', '', 0, NULL, '2023-11-25 07:56:45', '2023-11-29 09:33:09'),
(25, 1, 73, 79, '客户合同', 'finance_invoice_open', '[\"{#\\u5173\\u8054\\u5408\\u540c\\u540d\\u79f0}\",\"{#\\u5408\\u540c\\u91d1\\u989d}\",\"{#\\u5408\\u540c\\u5f00\\u59cb\\u65f6\\u95f4}\",\"{#\\u5408\\u540c\\u7ed3\\u675f\\u65f6\\u95f4}\",\"{#\\u5ba2\\u6237\\u540d\\u79f0}\",\"{#\\u7533\\u8bf7\\u65f6\\u95f4}\",\"{#\\u5f00\\u7968\\u91d1\\u989d}\",\"{#\\u5f00\\u7968\\u7c7b\\u578b}\",\"{#\\u53d1\\u7968\\u62ac\\u5934}\",\"{#\\u7a0e\\u53f7}\",\"{#\\u53d1\\u7968\\u7f16\\u53f7}\",\"{#\\u53d1\\u9001\\u65b9\\u5f0f}\",\"{#\\u5907\\u6ce8\\u5185\\u5bb9}\"]', 0, '发票已开具提醒', '您于{#申请时间}申请{#关联合同名称}的发票已开具，请您及时查看！', '', 0, NULL, '2023-11-25 07:56:45', '2023-11-29 09:33:09'),
(26, 1, 74, 79, '客户合同', 'finance_invoice_close', '[\"{#\\u5173\\u8054\\u5408\\u540c\\u540d\\u79f0}\",\"{#\\u5408\\u540c\\u91d1\\u989d}\",\"{#\\u5408\\u540c\\u5f00\\u59cb\\u65f6\\u95f4}\",\"{#\\u5408\\u540c\\u7ed3\\u675f\\u65f6\\u95f4}\",\"{#\\u5ba2\\u6237\\u540d\\u79f0}\",\"{#\\u7533\\u8bf7\\u65f6\\u95f4}\",\"{#\\u5f00\\u7968\\u91d1\\u989d}\",\"{#\\u5f00\\u7968\\u7c7b\\u578b}\",\"{#\\u53d1\\u7968\\u62ac\\u5934}\",\"{#\\u7a0e\\u53f7}\",\"{#\\u53d1\\u7968\\u7f16\\u53f7}\",\"{#\\u53d1\\u9001\\u65b9\\u5f0f}\",\"{#\\u5907\\u6ce8\\u5185\\u5bb9}\"]', 0, '发票未开具提醒', '您于{#申请时间}申请{#关联合同}的发票暂未开具，备注：{#备注内容}！', '', 0, NULL, '2023-11-25 07:56:45', '2023-11-29 09:33:09'),
(27, 1, 75, 81, '待办日程', 'dealt_person_work', '[\"{#\\u5f85\\u529e\\u5185\\u5bb9}\",\"{#\\u5907\\u6ce8}\",\"{#\\u521b\\u5efa\\u4eba}\",\"{#\\u521b\\u5efa\\u65f6\\u95f4}\"]', 0, '待办任务提醒', '您有一条个人待办任务，请记得处理哦！待办内容【{#待办内容}】', '', 0, NULL, '2023-11-25 07:56:45', '2023-11-29 09:33:09'),
(28, 1, 76, 81, '待办日程', 'dealt_client_work', '[\"{#\\u5f85\\u529e\\u5185\\u5bb9}\",\"{#\\u5907\\u6ce8}\",\"{#\\u521b\\u5efa\\u4eba}\",\"{#\\u521b\\u5efa\\u65f6\\u95f4}\",\"{#\\u5ba2\\u6237\\u540d\\u79f0}\"]', 0, '待办任务提醒', '您有一条客户跟进任务，请记得处理哦！提醒内容【{#待办内容}】', '', 0, NULL, '2023-11-25 07:56:45', '2023-11-29 09:33:09'),
(29, 1, 77, 81, '待办日程', 'dealt_money_work', '[\"{#\\u5f85\\u529e\\u5185\\u5bb9}\",\"{#\\u5907\\u6ce8}\",\"{#\\u521b\\u5efa\\u4eba}\",\"{#\\u521b\\u5efa\\u65f6\\u95f4}\",\"{#\\u5ba2\\u6237\\u540d\\u79f0}\",\"{#\\u5173\\u8054\\u5408\\u540c\\u540d\\u79f0}\",\"{#\\u5408\\u540c\\u91d1\\u989d}\",\"{#\\u5408\\u540c\\u5f00\\u59cb\\u65f6\\u95f4}\",\"{#\\u5408\\u540c\\u7ed3\\u675f\\u65f6\\u95f4}\",\"{#\\u5f85\\u529e\\u7c7b\\u578b}\"]', 0, '合同待办提醒', '您有一条{#待办类型}任务，请记得处理哦！提醒内容【{#待办内容}】', '', 0, NULL, '2023-11-25 07:56:45', '2023-11-29 09:33:09'),
(30, 1, 78, 79, '客户合同', 'finance_invoice_verify_fail', '[\"{#\\u5173\\u8054\\u5408\\u540c\\u540d\\u79f0}\",\"{#\\u5408\\u540c\\u91d1\\u989d}\",\"{#\\u5408\\u540c\\u5f00\\u59cb\\u65f6\\u95f4}\",\"{#\\u5408\\u540c\\u7ed3\\u675f\\u65f6\\u95f4}\",\"{#\\u5ba2\\u6237\\u540d\\u79f0}\",\"{#\\u7533\\u8bf7\\u65f6\\u95f4}\",\"{#\\u5f00\\u7968\\u91d1\\u989d}\",\"{#\\u5f00\\u7968\\u7c7b\\u578b}\",\"{#\\u53d1\\u7968\\u62ac\\u5934}\",\"{#\\u7a0e\\u53f7}\",\"{#\\u5907\\u6ce8\\u5185\\u5bb9}\"]', 0, '发票审核未通过', '您于{#申请时间}申请{#关联合同名称}的发票审核未通过，备注：{#备注内容}！', '', 0, NULL, '2023-11-25 07:56:45', '2023-11-29 09:33:09'),
(31, 1, 79, 79, '客户合同', 'finance_invoice_verify_success', '[\"{#\\u5173\\u8054\\u5408\\u540c\\u540d\\u79f0}\",\"{#\\u5408\\u540c\\u91d1\\u989d}\",\"{#\\u5408\\u540c\\u5f00\\u59cb\\u65f6\\u95f4}\",\"{#\\u5408\\u540c\\u7ed3\\u675f\\u65f6\\u95f4}\",\"{#\\u5ba2\\u6237\\u540d\\u79f0}\",\"{#\\u7533\\u8bf7\\u65f6\\u95f4}\",\"{#\\u5f00\\u7968\\u91d1\\u989d}\",\"{#\\u5f00\\u7968\\u7c7b\\u578b}\",\"{#\\u53d1\\u7968\\u62ac\\u5934}\",\"{#\\u7a0e\\u53f7}\",\"{#\\u5907\\u6ce8\\u5185\\u5bb9}\"]', 0, '发票审核已通过', '您于{#申请时间}申请{#关联合同名称}的发票审核已通过，请您及时查看！', '', 0, NULL, '2023-11-25 07:56:45', '2023-11-29 09:33:09'),
(32, 1, 80, 77, '绩效考核', 'assess_evaluate_result', '[\"{#\\u8003\\u6838\\u540d\\u79f0}\",\"{#\\u4e0a\\u7ea7\\u8bc4\\u4ef7\\u5f97\\u5206}\"]', 0, '上级评分结果', '{#考核名称}上级评价已结束，您的上级评价得分为：{#上级评价得分}分！', '', 0, NULL, '2023-11-25 07:56:45', '2023-11-29 09:33:09'),
(33, 1, 81, 77, '绩效考核', 'assess_result_remind', '[\"{#\\u8003\\u6838\\u540d\\u79f0}\",\"{#\\u8003\\u6838\\u7c7b\\u578b}\",\"{#\\u5f00\\u59cb\\u65f6\\u95f4}\",\"{#\\u7ed3\\u675f\\u65f6\\u95f4}\",\"{#\\u88ab\\u8003\\u6838\\u4eba}\",\"{#\\u88ab\\u8003\\u6838\\u4eba\\u4eba\\u90e8\\u95e8}\",\"{#\\u6700\\u7ec8\\u5f97\\u5206}\"]', 0, '考核结果通知', '{#考核名称}已结束，您的最终考核得分为：{#最终得分}分！', '', 0, NULL, '2023-11-25 07:56:45', '2023-11-29 09:33:09'),
(34, 1, 82, 83, '企业注册', 'enterprise_verify', '[\"{#\\u6ce8\\u518c\\u65f6\\u95f4}\",\"{#\\u4f01\\u4e1a\\u540d\\u79f0}\"]', 0, '平台审核通过提醒', '您提交的企业【{#企业名称}】资料已通过平台审核，请您重新登录系统，快来体验吧！', '', 0, NULL, '2023-11-25 07:56:45', '2023-11-29 09:33:09'),
(35, 1, 83, 83, '企业注册', 'enterprise_verify_fail', '[\"{#\\u6ce8\\u518c\\u65f6\\u95f4}\",\"{#\\u4f01\\u4e1a\\u540d\\u79f0}\"]', 0, '平台审核未通过提醒', '您提交的企业【{#企业名称}】资料未通过平台审核，请您核对后重新提交注册！', '', 0, NULL, '2023-11-25 07:56:45', '2023-11-29 09:33:09'),
(36, 1, 84, 82, '人员异动', 'enterprise_personnel_apply', '[\"{#\\u7533\\u8bf7\\u4eba\\u5458\\u59d3\\u540d}\",\"{#\\u7533\\u8bf7\\u65f6\\u95f4}\",\"{#\\u4f01\\u4e1a\\u540d\\u79f0}\"]', 0, '人员申请加入提醒', '{#申请人员姓名}申请加入我们{#企业名称}大家庭，请您尽快处理哦！', '', 0, NULL, '2023-11-25 07:56:45', '2023-11-29 09:33:09'),
(37, 1, 85, 82, '人员异动', 'enterprise_personnel_join', '[\"{#\\u65b0\\u52a0\\u5165\\u6210\\u5458\\u59d3\\u540d}\",\"{#\\u52a0\\u5165\\u65f6\\u95f4}\",\"{#\\u4f01\\u4e1a\\u540d\\u79f0}\"]', 0, '人员加入提醒', '{#申请人员姓名}已加入我们{#企业名称}大家庭，快去欢迎吧！', '', 0, NULL, '2023-11-25 07:56:45', '2023-11-29 09:33:09'),
(38, 1, 86, 82, '人员异动', 'enterprise_personnel_refuse', '[\"{#\\u88ab\\u9080\\u4eba\\u5458\\u59d3\\u540d}\",\"{#\\u62d2\\u7edd\\u65f6\\u95f4}\",\"{#\\u4f01\\u4e1a\\u540d\\u79f0}\"]', 0, '人员拒绝加入提醒', '{#申请人员姓名}已拒绝加入企业，请核实原因！', '', 0, NULL, '2023-11-25 07:56:45', '2023-11-29 09:33:09'),
(39, 1, 87, 82, '人员异动', 'enterprise_invitation', '[\"{#\\u9080\\u8bf7\\u65f6\\u95f4}\",\"{#\\u4f01\\u4e1a\\u540d\\u79f0}\"]', 0, '企业邀请提醒', '{#企业名称}邀请您加入该企业，请您尽快处理哦！', '', 0, NULL, '2023-11-25 07:56:45', '2023-11-29 09:33:09'),
(40, 1, 88, 76, '日常汇报', 'daily_update_remind', '[\"{#\\u6c47\\u62a5\\u4eba}\",\"{#\\u6c47\\u62a5\\u4eba\\u90e8\\u95e8}\",\"{#\\u6c47\\u62a5\\u7c7b\\u578b}\",\"{#\\u5de5\\u4f5c\\u5185\\u5bb9}\",\"{#\\u5de5\\u4f5c\\u8ba1\\u5212}\",\"{#\\u5907\\u6ce8\\u5185\\u5bb9}\"]', 0, '日报修改查看提醒', '{#汇报人}的{#汇报类型}已更新，请及时查看！', '', 0, NULL, '2023-11-25 07:56:45', '2023-11-29 09:33:09'),
(41, 1, 89, 79, '客户合同', 'contract_soon_overdue_remind', '[\"{#\\u5408\\u540c\\u540d\\u79f0}\",\"{#\\u5408\\u540c\\u91d1\\u989d}\",\"{#\\u5408\\u540c\\u5f00\\u59cb\\u65f6\\u95f4}\",\"{#\\u5408\\u540c\\u7ed3\\u675f\\u65f6\\u95f4}\",\"{#\\u5ba2\\u6237\\u540d\\u79f0}\",\"{#\\u4e1a\\u52a1\\u5458}\"]', 1, '合同即将到期提醒', '{#合同名称}剩余30天结束，请立刻联系客户沟通后续工作哦！', '09:00', 0, NULL, '2023-11-25 07:56:45', '2023-11-29 09:33:09'),
(42, 1, 90, 79, '客户合同', 'contract_overdue_day_remind', '[\"{#\\u5408\\u540c\\u540d\\u79f0}\",\"{#\\u5408\\u540c\\u91d1\\u989d}\",\"{#\\u5408\\u540c\\u5f00\\u59cb\\u65f6\\u95f4}\",\"{#\\u5408\\u540c\\u7ed3\\u675f\\u65f6\\u95f4}\",\"{#\\u5ba2\\u6237\\u540d\\u79f0}\",\"{#\\u4e1a\\u52a1\\u5458}\"]', 1, '合同今日到期提醒', '{#合同名称}今日到期，请记得联系客户沟通后续工作哦！', '09:00', 0, NULL, '2023-11-25 07:56:45', '2023-11-29 09:33:09'),
(43, 1, 91, 84, '企业文件', 'cloud_file_delete', '[\"{#\\u5220\\u9664\\u4eba}\",\"{#\\u5220\\u9664\\u65f6\\u95f4}\",\"{#\\u6587\\u4ef6\\u540d\\u79f0}\",\"{#\\u7a7a\\u95f4\\u540d\\u79f0}\",\"{#\\u521b\\u5efa\\u65f6\\u95f4}\",\"{#\\u521b\\u5efa\\u4eba}\"]', 0, '文件删除提醒', '{#创建人}创建的{#文件名称}文件已被{#删除人}删除，请悉知！', '', 0, NULL, '2023-11-25 07:56:45', '2023-11-29 09:33:09'),
(44, 1, 92, 84, '企业文件', 'cloud_file_create', '[\"{#\\u521b\\u5efa\\u4eba}\",\"{#\\u521b\\u5efa\\u65f6\\u95f4}\",\"{#\\u6587\\u4ef6\\u540d\\u79f0}\",\"{#\\u7a7a\\u95f4\\u540d\\u79f0}\"]', 0, '文件新增提醒', '{#创建人}于{#创建时间}创建了新文件，请悉知！', '', 0, NULL, '2023-11-25 07:56:45', '2023-11-29 09:33:09'),
(45, 1, 93, 84, '企业文件', 'cloud_file_read', '[\"{#\\u9605\\u8bfb\\u4eba}\",\"{#\\u9605\\u8bfb\\u65f6\\u95f4}\",\"{#\\u6587\\u4ef6\\u540d\\u79f0}\",\"{#\\u7a7a\\u95f4\\u540d\\u79f0}\",\"{#\\u521b\\u5efa\\u65f6\\u95f4}\",\"{#\\u521b\\u5efa\\u4eba}\"]', 0, '文件阅读提醒', '{#阅读人}查阅了您创建的{#文件名称}文件，请悉知！', '', 0, NULL, '2023-11-25 07:56:45', '2023-11-29 09:33:09'),
(46, 1, 94, 79, '客户合同', 'contract_abnormal', '[\"{#\\u5408\\u540c\\u540d\\u79f0}\",\"{#\\u5408\\u540c\\u91d1\\u989d}\",\"{#\\u5408\\u540c\\u5f00\\u59cb\\u65f6\\u95f4}\",\"{#\\u5408\\u540c\\u7ed3\\u675f\\u65f6\\u95f4}\",\"{#\\u5ba2\\u6237\\u540d\\u79f0}\",\"{#\\u4e1a\\u52a1\\u5458}\",\"{#\\u89e6\\u53d1\\u65f6\\u95f4}\"]', 0, '合同异常提醒', '{#业务员}于{#触发时间}将{#合同名称}状态改为异常，请悉知！', '', 0, NULL, '2023-11-25 07:56:45', '2023-11-29 09:33:09'),
(47, 1, 95, 85, '个人办公', 'user_perfect', '[\"{#\\u4f01\\u4e1a\\u540d\\u79f0}\"]', 0, '邀请完善信息', '您当前所在企业{#企业名称}，邀请您完善个人档案信息。', '', 0, NULL, '2023-11-25 07:56:45', '2023-11-29 09:33:09'),
(48, 1, 98, 95, '企业动态', 'company_news', '[\"{#\\u4f01\\u4e1a\\u540d\\u79f0}\",\"{#\\u6587\\u7ae0\\u6807\\u9898}\"]', 0, '企业动态提醒', '您当前所在企业{#企业名称}，发布了一条新动态：{#文章标题}。', '', 0, NULL, '2023-11-25 07:56:45', '2023-11-29 09:33:09');

-- #消息分类
INSERT INTO `eb_message_category` (`id`, `pid`, `cate_name`, `path`, `sort`, `pic`, `is_show`, `uni_show`, `level`, `created_at`, `updated_at`) VALUES
(76, 0, '日常汇报', '', 0, 'https://oamanage.oss-accelerate.aliyuncs.com/attach/2022/12/d0815202212011510333943.png', 1, 1, 0, NULL, NULL),
(77, 0, '绩效考核', '', 0, 'https://oamanage.oss-accelerate.aliyuncs.com/attach/2022/12/06d29202212011508374041.png', 1, 1, 0, NULL, NULL),
(78, 0, '申请审批', '', 0, 'https://oamanage.oss-accelerate.aliyuncs.com/attach/2022/12/ecabb202212011508372111.png', 1, 1, 0, NULL, NULL),
(79, 0, '客户合同', '', 0, 'https://oamanage.oss-accelerate.aliyuncs.com/attach/2022/12/3ba5c202212011508377736.png', 1, 1, 0, NULL, NULL),
(80, 0, '财务审核', '', 0, 'https://oamanage.oss-accelerate.aliyuncs.com/attach/2022/12/99431202212011508379694.png', 1, 0, 0, NULL, NULL),
(81, 0, '待办日程', '', 0, 'https://oamanage.oss-accelerate.aliyuncs.com/attach/2022/12/9fc54202212011508376299.png', 1, 1, 0, NULL, NULL),
(82, 0, '人员异动', '', 0, 'https://oamanage.oss-accelerate.aliyuncs.com/attach/2022/12/6dd59202212011508374187.png', 1, 0, 0, NULL, NULL),
(83, 0, '企业注册', '', 0, 'https://oamanage.oss-accelerate.aliyuncs.com/attach/2022/12/6653e202212011508378268.png', 1, 0, 0, NULL, NULL),
(84, 0, '企业文件', '', 0, 'https://oamanage.oss-accelerate.aliyuncs.com/attach/2022/12/0d145202212011508373173.png', 1, 0, 0, NULL, NULL),
(85, 0, '个人办公', '', 0, 'https://oamanage.oss-accelerate.aliyuncs.com/attach/2022/12/8c2e5202212011508376657.png', 1, 0, 0, NULL, NULL),
(95, 0, '企业动态', '', 0, 'https://oamanage.oss-accelerate.aliyuncs.com/attach/2022/12/05d19202212011508376587.png', 1, 1, 0, NULL, NULL);

-- #消息模板
INSERT INTO `eb_message_template` (`id`, `relation_id`, `message_id`, `type`, `template_id`, `message_title`, `image`, `url`, `uni_url`, `status`, `relation_status`, `content_template`, `button_template`, `push_rule`, `minute`, `created_at`, `updated_at`, `deleted_at`) VALUES
(1, 5, 1, 0, '', '制定考核目标提醒', '', '/user/work/assessment', '', 1, 1, '您还未创建{#负责部门}的{#时间2}考核目标，请您尽快制定考核任务！！！', '{\"yes\":\"\\u7acb\\u5373\\u521b\\u5efa\"}', 0, 1, NULL, NULL, NULL),
(2, 6, 1, 1, '861030', '制定考核目标提醒', '', '', '', 1, 1, '您还未创建{#负责部门}的{#时间2}考核目标，请您尽快制定考核任务！！！', '', 0, 0, NULL, NULL, NULL),
(3, 7, 2, 0, '', '日报填写提醒', 'https://oamanage.oss-accelerate.aliyuncs.com/template/2022/12/d050320221228112434597.png', '/user/daily/myReport', '/pages/users/report/mine?type=0', 1, 1, '今天您还未填写日报，再忙也要记得总结沉淀哦！', '{\"yes\":\"\\u7acb\\u5373\\u586b\\u5199\"}', 0, 60, NULL, NULL, NULL),
(4, 8, 2, 1, '757972', '日报填写提醒', '', '', '', 1, 1, '今天您还未填写日报，再忙也要记得总结沉淀哦！', '', 0, 0, NULL, NULL, NULL),
(5, 49, 3, 0, '', '考核异常提醒', 'https://oamanage.oss-accelerate.aliyuncs.com/template/2022/08/b99d3202208031010505148.jpeg', '/user/assessment/departmentAssessment', '', 1, 1, '未找到{#被考核人}上{#时间1}考核任务，请核查原因！', '{\"yes\":\"\\u7acb\\u5373\\u67e5\\u770b\"}', 0, 1, NULL, NULL, NULL),
(6, 50, 3, 1, '758111', '考核异常提醒', '', '', '', 1, 1, '未找到{#被考核人}上{#时间1}考核任务，请核查原因！', '', 0, 0, NULL, NULL, NULL),
(7, 51, 4, 0, '', '开具发票申请', '', '/fd/invoice/pending', '', 1, 1, '{#业务员}于{#申请时间}申请{#关联合同}的发票开具，请您及时处理！', '{\"yes\":\"\\u7acb\\u5373\\u5904\\u7406\"}', 0, 1, NULL, NULL, NULL),
(8, 52, 4, 1, '766211', '开具发票申请', '', '', '', 1, 1, '{#业务员}于{#申请时间}申请{#关联合同}的发票开具，请您及时处理！', '', 0, 0, NULL, NULL, NULL),
(9, 53, 5, 0, '', '考核结束提醒', '', '/user/work/assessment', '/pages/users/assessment/default', 1, 1, '请注意{#考核名称}今日结束！', '{\"yes\":\"\\u7acb\\u5373\\u67e5\\u770b\"}', 0, 1, NULL, NULL, NULL),
(10, 54, 5, 1, '766238', '考核结束提醒', '', '', '', 1, 1, '请注意{#考核名称}今日结束！', '', 0, 0, NULL, NULL, NULL),
(11, 55, 6, 0, '', '绩效申诉请求', '', '/user/assessment/performanceAppraisal', '/pages/users/assessment/default', 1, 1, '{#申诉人}于{#申诉时间}提交了绩效考核申诉，请您及时处理！', '{\"yes\":\"\\u7acb\\u5373\\u5904\\u7406\"}', 0, 1, NULL, NULL, NULL),
(12, 56, 6, 1, '766240', '绩效申诉请求', '', '', '', 1, 1, '{#申诉人}于{#申诉时间}提交了绩效考核申诉，请您及时处理！', '', 0, 0, NULL, NULL, NULL),
(13, 57, 7, 0, '', '绩效申诉结果', '', '/user/assessment/myAssessment', '/pages/users/assessment/default', 1, 1, '您于{#申诉时间}提交的绩效考核申诉已完成，请注意查看结果！', '{\"yes\":\"\\u7acb\\u5373\\u67e5\\u770b\"}', 0, 1, NULL, NULL, NULL),
(14, 58, 7, 1, '766241', '绩效申诉结果', '', '', '', 1, 1, '您于{#申诉时间}提交的绩效考核申诉已完成，请注意查看结果！', '', 0, 0, NULL, NULL, NULL),
(15, 59, 8, 0, '', '开启考核提醒', '', '/user/assessment/departmentAssessment', '', 1, 1, '您还未开启{#负责部门}{#时间2}考核任务，请您尽快开启考核任务！', '{\"yes\":\"\\u4e00\\u952e\\u5f00\\u542f\"}', 0, 1, NULL, NULL, NULL),
(16, 60, 8, 1, '861033', '开启考核提醒', '', '', '', 1, 1, '您还未开启{#负责部门}{#时间2}考核任务，请您尽快开启考核任务！', '', 0, 0, NULL, NULL, NULL),
(17, 75, 9, 0, '', '自我评价提醒', '', '/user/assessment/myAssessment', '/pages/users/assessment/default', 1, 1, '您还未对{#考核名称}进行自我评价，请您尽快完成自我评价！', '{\"yes\":\"\\u7acb\\u5373\\u5904\\u7406\"}', 0, 1, NULL, NULL, NULL),
(18, 76, 9, 1, '861034', '自我评价提醒', '', '', '', 1, 1, '您还未对{#考核名称}进行自我评价，请您尽快完成自我评价！', '', 0, 0, NULL, NULL, NULL),
(19, 77, 10, 0, '', '上级评价提醒', '', '/user/assessment/departmentAssessment', '/pages/users/assessment/default', 1, 1, '您还未完成{#负责部门} {#考核名称}的考核评价，请您尽快处理！', '{\"yes\":\"\\u7acb\\u5373\\u5904\\u7406\"}', 0, 1, NULL, NULL, NULL),
(20, 78, 10, 1, '861036', '上级评价提醒', '', '', '', 1, 1, '您还未完成{#负责部门} {#考核名称}的考核评价，请您尽快处理！', '', 0, 0, NULL, NULL, NULL),
(21, 79, 11, 0, '', '考核目标发布', '', '/user/assessment/myAssessment', '/pages/users/assessment/default', 1, 1, '{#考核名称}目标已发布，请注意查看您的考核目标！', '{\"yes\":\"\\u7acb\\u5373\\u67e5\\u770b\"}', 0, 1, NULL, NULL, NULL),
(22, 80, 11, 1, '766275', '考核目标发布', '', '', '', 1, 1, '{#考核名称}目标已发布，请注意查看您的考核目标！', '', 0, 0, NULL, NULL, NULL),
(23, 81, 12, 0, '', '业务审批提醒', '', '/user/examine/approval', '/pages/users/examine/defaults', 1, 1, '{#申请人部门}  {#申请人}于{#申请时间}提交{#业务类型}，请您及时审批！', '{\"yes\":\"\\u7acb\\u5373\\u5904\\u7406\"}', 0, 1, NULL, NULL, NULL),
(24, 82, 12, 1, '861048', '业务审批提醒', '', '', '', 1, 1, '{#申请人部门}  {#申请人}于{#申请时间}提交{#业务类型}，请您及时审批！', '', 0, 0, NULL, NULL, NULL),
(25, 83, 13, 0, '', '业务撤回提醒', '', '/user/examine/approval', '/pages/users/examine/defaults', 1, 1, '因特殊原因，您已审批通过的 {#申请人单位}{#申请人}于{#申请时间}发起的{#业务类型}申请，已撤销！', '{\"yes\":\"\\u67e5\\u770b\\u8be6\\u60c5\"}', 0, 1, NULL, NULL, NULL),
(26, 84, 13, 1, '876377', '业务撤回提醒', '', '', '', 1, 1, '因特殊原因，您已审批通过的 {#申请人单位}{#申请人}于{#申请时间}发起的{#业务类型}申请，已撤销！', '', 0, 0, NULL, NULL, NULL),
(27, 85, 14, 0, '', '审批通过提醒', '', '/user/examine/mine', '/pages/users/examine/defaults', 1, 1, '{#申请人部门}{#申请人}于{#申请时间}提交的{#业务类型}申请，已通过审批！', '{\"yes\":\"\\u7acb\\u5373\\u67e5\\u770b\"}', 0, 1, NULL, NULL, NULL),
(28, 86, 14, 1, '766282', '审批通过提醒', '', '', '', 1, 1, '{#申请人部门}{#申请人}于{#申请时间}提交的{#业务类型}申请，已通过审批！', '', 0, 0, NULL, NULL, NULL),
(29, 87, 15, 0, '', '审批抄送提醒', '', '/business/record', '/pages/users/examine/defaults', 1, 1, '{#申请人部门}{#申请人}于{#申请时间}提交的{#业务类型}申请，已通过审批！', '{\"yes\":\"\\u7acb\\u5373\\u67e5\\u770b\"}', 0, 1, NULL, NULL, NULL),
(30, 88, 15, 1, '766282', '审批抄送提醒', '', '', '', 1, 1, '{#申请人部门}{#申请人}于{#申请时间}提交的{#业务类型}申请，已通过审批！', '', 0, 0, NULL, NULL, NULL),
(31, 89, 16, 0, '', '审批未通过提醒', '', '/user/examine/mine', '/pages/users/examine/defaults', 1, 1, '您提交的{#业务类型}申请，未通过审批！', '{\"yes\":\"\\u7acb\\u5373\\u67e5\\u770b\"}', 0, 1, NULL, NULL, NULL),
(32, 90, 16, 1, '778420', '审批未通过提醒', '', '', '', 1, 1, '您提交的{#业务类型}申请，未通过审批！', '', 0, 0, NULL, NULL, NULL),
(33, 91, 17, 0, '', '日报查看提醒', '', '/user/daily/departmentReport', '/pages/users/report/mine', 1, 1, '{#汇报人}的{#汇报类型}已提交，请及时查看！', '{\"yes\":\"\\u7acb\\u5373\\u67e5\\u770b\"}', 0, 1, NULL, NULL, NULL),
(34, 92, 17, 1, '771145', '日报查看提醒', '', '', '', 1, 1, '{#汇报人}的{#汇报类型}已提交，请及时查看！', '', 0, 0, NULL, NULL, NULL),
(35, 93, 18, 0, '', '续费即将到期提醒', '', '/customer/list/iMResponsible', '/pages/customer/contract/details', 1, 1, '{#合同名称} {#续费类型}余额剩余30天，请记得联系客户进行续费哦！', '{\"yes\":\"\\u67e5\\u770b\\u8be6\\u60c5\"}', 0, 1, NULL, NULL, NULL),
(36, 94, 18, 1, '766291', '续费即将到期提醒', '', '', '', 1, 1, '{#合同名称} {#续费类型}余额剩余30天，请记得联系客户进行续费哦！', '', 0, 0, NULL, NULL, NULL),
(37, 95, 19, 0, '', '续费今日到期提醒', '', '/customer/list/iMResponsible', '', 1, 1, '{#合同名称} {#续费类型}今日到期，请立刻联系客户进行续费哦！', '{\"yes\":\"\\u67e5\\u770b\\u8be6\\u60c5\"}', 0, 1, NULL, NULL, NULL),
(38, 96, 19, 1, '766292', '续费今日到期提醒', '', '', '', 1, 1, '{#合同名称} {#续费类型}今日到期，请立刻联系客户进行续费哦！', '', 0, 0, NULL, NULL, NULL),
(39, 97, 20, 0, '', '续费过期提醒', '', '/customer/list/iMResponsible', '', 1, 1, '{#合同名称} {#续费类型}已超期，请立刻联系客户进行核实续费哦！', '{\"yes\":\"\\u7acb\\u5373\\u67e5\\u770b\"}', 0, 1, NULL, NULL, NULL),
(40, 98, 20, 1, '766294', '续费过期提醒', '', '', '', 1, 1, '{#合同名称} {#续费类型}已超期，请立刻联系客户进行核实续费哦！', '', 0, 0, NULL, NULL, NULL),
(41, 99, 21, 0, '', '回款核对请求', '', '/fd/examine/pending', '', 1, 1, '{#业务员}于{#申请时间}申请{#关联合同名称}的合同回款核对，请您及时审核！', '{\"yes\":\"\\u7acb\\u5373\\u5904\\u7406\"}', 0, 1, NULL, NULL, NULL),
(42, 100, 21, 1, '834676', '回款核对请求', '', '', '', 1, 1, '{#业务员}于{#申请时间}申请{#关联合同名称}的合同回款核对，请您及时审核！', '', 0, 0, NULL, NULL, NULL),
(43, 101, 22, 0, '', '续费核对请求', '', '/fd/examine/pending', '', 1, 1, '{#业务员}于{#申请时间}申请{#关联合同名称}的合同续费核对，请您及时审核！', '{\"yes\":\"\\u7acb\\u5373\\u5904\\u7406\"}', 0, 1, NULL, NULL, NULL),
(44, 102, 22, 1, '834677', '续费核对请求', '', '', '', 1, 1, '{#业务员}于{#申请时间}申请{#关联合同名称}的合同续费核对，请您及时审核！', '', 0, 0, NULL, NULL, NULL),
(45, 103, 23, 0, '', '付款审核通过', '', '/customer/contract/iMResponsible', '', 1, 1, '您于{#申请时间}申请{#关联合同名称}的合同款项核对已通过！', '{\"yes\":\"\\u7acb\\u5373\\u67e5\\u770b\"}', 0, 1, NULL, NULL, NULL),
(46, 104, 23, 1, '861039', '付款审核通过', '', '', '', 1, 1, '您于{#申请时间}申请{#关联合同名称}的合同款项核对已通过！', '', 0, 0, NULL, NULL, NULL),
(47, 105, 24, 0, '', '付款审核未通过', '', '/customer/contract/iMResponsible', '', 1, 1, '您于{#申请时间}申请{#关联合同}的合同款项核对未通过，备注：{#备注内容}。', '{\"yes\":\"\\u7acb\\u5373\\u67e5\\u770b\"}', 0, 1, NULL, NULL, NULL),
(48, 106, 24, 1, '766300', '付款审核未通过', '', '', '', 1, 1, '您于{#申请时间}申请{#关联合同}的合同款项核对未通过，备注：{#备注内容}。', '', 0, 0, NULL, NULL, NULL),
(49, 107, 25, 0, '', '发票已开具提醒', '', '/customer/invoice/iMResponsible', '/pages/customer/invoice/details', 1, 1, '您于{#申请时间}申请{#关联合同名称}的发票已开具，请您及时查看！', '{\"yes\":\"\\u7acb\\u5373\\u67e5\\u770b\"}', 0, 1, NULL, NULL, NULL),
(50, 108, 25, 1, '775589', '发票已开具提醒', '', '', '', 1, 1, '您于{#申请时间}申请{#关联合同名称}的发票已开具，请您及时查看！', '', 0, 0, NULL, NULL, NULL),
(51, 111, 27, 0, '', '待办任务提醒', '', '/user/calendar/index', '/pages/users/schedule/index', 1, 1, '您有一条个人待办任务，请记得处理哦！待办内容【{#待办内容}】', '{\"yes\":\"\\u7acb\\u5373\\u5904\\u7406\"}', 0, 1, NULL, NULL, NULL),
(52, 112, 27, 1, '771129', '待办任务提醒', '', '', '', 1, 1, '您有一条个人待办任务，请记得处理哦！待办内容【{#待办内容}】', '', 0, 0, NULL, NULL, NULL),
(53, 113, 28, 0, '', '待办任务提醒', '', '/customer/list/iMResponsible', '/pages/users/schedule/index', 1, 1, '您有一条客户跟进任务，请记得处理哦！提醒内容【{#待办内容}】', '{\"yes\":\"\\u7acb\\u5373\\u67e5\\u770b\"}', 0, 1, NULL, NULL, NULL),
(54, 114, 28, 1, '767250', '待办任务提醒', '', '', '', 1, 1, '您有一条客户跟进任务，请记得处理哦！提醒内容【{#待办内容}】', '', 0, 0, NULL, NULL, NULL),
(55, 115, 29, 0, '', '合同待办提醒', '', '/customer/contract/iMResponsible', '/pages/users/schedule/index', 1, 1, '您有一条{#待办类型}任务，请记得处理哦！提醒内容【{#待办内容}】', '{\"yes\":\"\\u7acb\\u5373\\u67e5\\u770b\"}', 0, 1, NULL, NULL, NULL),
(56, 116, 29, 1, '778077', '合同待办提醒', '', '', '', 1, 1, '您有一条{#待办类型}任务，请记得处理哦！提醒内容【{#待办内容}】', '', 0, 0, NULL, NULL, NULL),
(57, 117, 30, 0, '', '发票审核未通过', '', '/customer/invoice/iMResponsible', '/pages/customer/invoice/details', 1, 1, '您于{#申请时间}申请{#关联合同名称}的发票审核未通过，备注：{#备注内容}！', '{\"yes\":\"\\u7acb\\u5373\\u67e5\\u770b\"}', 0, 1, NULL, NULL, NULL),
(58, 118, 30, 1, '766318', '发票审核未通过', '', '', '', 1, 1, '您于{#申请时间}申请{#关联合同名称}的发票审核未通过，备注：{#备注内容}！', '', 0, 0, NULL, NULL, NULL),
(59, 121, 32, 0, '', '上级评分结果', '', '/user/assessment/myAssessment', '/pages/users/assessment/default', 1, 1, '{#考核名称}上级评价已结束，您的上级评价得分为：{#上级评价得分}分！', '{\"yes\":\"\\u67e5\\u770b\\u8be6\\u60c5\"}', 0, 1, NULL, NULL, NULL),
(60, 122, 32, 1, '766321', '上级评分结果', '', '', '', 1, 1, '{#考核名称}上级评价已结束，您的上级评价得分为：{#上级评价得分}分！', '', 0, 0, NULL, NULL, NULL),
(61, 123, 33, 0, '', '考核结果通知', '', '/user/assessment/myAssessment', '/pages/users/assessment/default', 1, 1, '{#考核名称}已结束，您的最终考核得分为：{#最终得分}分！', '{\"yes\":\"\\u67e5\\u770b\\u8be6\\u60c5\"}', 0, 1, NULL, NULL, NULL),
(62, 124, 33, 1, '766322', '考核结果通知', '', '', '', 1, 1, '{#考核名称}已结束，您的最终考核得分为：{#最终得分}分！', '', 0, 0, NULL, NULL, NULL),
(63, 125, 34, 0, '', '平台审核通过提醒', '', '/user/company/settleIn', '', 1, 1, '您提交的企业【{#企业名称}】资料已通过平台审核，请您重新登录系统，快来体验吧！', '{\"yes\":\"\\u9000\\u51fa\\u767b\\u5f55\"}', 0, 1, NULL, NULL, NULL),
(64, 126, 34, 1, '770664', '平台审核通过提醒', '', '', '', 1, 1, '您提交的企业【{#企业名称}】资料已通过平台审核，请您重新登录系统，快来体验吧！', '', 0, 0, NULL, NULL, NULL),
(65, 127, 35, 0, '', '平台审核未通过提醒', '', '/user/company/settleIn', '', 1, 1, '您提交的企业【{#企业名称}】资料未通过平台审核，请您核对后重新提交注册！', '{\"yes\":\"\\u7acb\\u5373\\u5904\\u7406\"}', 0, 1, NULL, NULL, NULL),
(66, 128, 35, 1, '770667', '平台审核未通过提醒', '', '', '', 1, 1, '您提交的企业【{#企业名称}】资料未通过平台审核，请您核对后重新提交注册！', '', 0, 0, NULL, NULL, NULL),
(67, 129, 36, 0, '', '人员申请加入提醒', '', '/hr/enterprise/group', '', 1, 1, '{#申请人员姓名}申请加入我们{#企业名称}大家庭，请您尽快处理哦！', '{\"yes\":\"\\u7acb\\u5373\\u5904\\u7406\"}', 0, 1, NULL, NULL, NULL),
(68, 130, 36, 1, '766352', '人员申请加入提醒', '', '', '', 1, 1, '{#申请人员姓名}申请加入我们{#企业名称}大家庭，请您尽快处理哦！', '', 0, 0, NULL, NULL, NULL),
(69, 133, 38, 0, '', '人员拒绝加入提醒', '', '/hr/enterprise/group', '', 1, 1, '{#申请人员姓名}已拒绝加入企业，请核实原因！', '{\"yes\":\"\\u7acb\\u5373\\u67e5\\u770b\"}', 0, 1, NULL, NULL, NULL),
(70, 134, 38, 1, '766354', '人员拒绝加入提醒', '', '', '', 1, 1, '{#申请人员姓名}已拒绝加入企业，请核实原因！', '', 0, 0, NULL, NULL, NULL),
(71, 135, 39, 0, '', '企业邀请提醒', '', '/user/company/apply', '', 1, 1, '{#企业名称}邀请您加入该企业，请您尽快处理哦！', '{\"yes\":\"\\u7acb\\u5373\\u5904\\u7406\"}', 0, 1, NULL, NULL, NULL),
(72, 136, 39, 1, '778413', '企业邀请提醒', '', '', '', 1, 1, '{#企业名称}邀请您加入该企业，请您尽快处理哦！', '', 0, 0, NULL, NULL, NULL),
(73, 137, 40, 0, '', '日报修改查看提醒', '', '/user/daily/departmentReport', '/pages/users/report/mine', 1, 1, '{#汇报人}的{#汇报类型}已更新，请及时查看！', '{\"yes\":\"\\u7acb\\u5373\\u67e5\\u770b\"}', 0, 1, NULL, NULL, NULL),
(74, 138, 40, 1, '766356', '日报修改查看提醒', '', '', '', 1, 1, '{#汇报人}的{#汇报类型}已更新，请及时查看！', '', 0, 0, NULL, NULL, NULL),
(75, 139, 41, 0, '', '合同即将到期提醒', '', '/customer/contract/iMResponsible', '/pages/customer/contract/details', 1, 1, '{#合同名称}剩余30天结束，请立刻联系客户沟通后续工作哦！', '{\"yes\":\"\\u67e5\\u770b\\u8be6\\u60c5\"}', 0, 1, NULL, NULL, NULL),
(76, 140, 41, 1, '766357', '合同即将到期提醒', '', '', '', 1, 1, '{#合同名称}剩余30天结束，请立刻联系客户沟通后续工作哦！', '', 0, 0, NULL, NULL, NULL),
(77, 141, 42, 0, '', '合同今日到期提醒', '', '/customer/contract/iMResponsible', '/pages/customer/contract/details', 1, 1, '{#合同名称}今日到期，请记得联系客户沟通后续工作哦！', '{\"yes\":\"\\u67e5\\u770b\\u8be6\\u60c5\"}', 0, 1, NULL, NULL, NULL),
(78, 142, 42, 1, '766358', '合同今日到期提醒', '', '', '', 1, 1, '{#合同名称}今日到期，请记得联系客户沟通后续工作哦！', '', 0, 0, NULL, NULL, NULL),
(79, 143, 43, 0, '', '文件删除提醒', '', '/user/cloudfile', '', 1, 1, '{#创建人}创建的{#文件名称}文件已被{#删除人}删除，请悉知！', '{\"yes\":\"\\u7acb\\u5373\\u67e5\\u770b\"}', 0, 1, NULL, NULL, NULL),
(80, 144, 43, 1, '778423', '文件删除提醒', '', '', '', 1, 1, '{#创建人}创建的{#文件名称}文件已被{#删除人}删除，请悉知！', '', 0, 0, NULL, NULL, NULL),
(81, 145, 44, 0, '', '文件新增提醒', '', '/user/cloudfile', '', 1, 1, '{#创建人}于{#创建时间}创建了新文件，请悉知！', '{\"yes\":\"\\u7acb\\u5373\\u67e5\\u770b\"}', 0, 1, NULL, NULL, NULL),
(82, 146, 44, 1, '778424', '文件新增提醒', '', '', '', 1, 1, '{#创建人}于{#创建时间}创建了新文件，请悉知！', '', 0, 0, NULL, NULL, NULL),
(83, 147, 45, 0, '', '文件阅读提醒', '', '/user/cloudfile', '', 1, 1, '{#阅读人}查阅了您创建的{#文件名称}文件，请悉知！', '{\"yes\":\"\\u67e5\\u770b\\u8be6\\u60c5\"}', 0, 1, NULL, NULL, NULL),
(84, 148, 45, 1, '778223', '文件阅读提醒', '', '', '', 1, 1, '{#阅读人}查阅了您创建的{#文件名称}文件，请悉知！', '', 0, 0, NULL, NULL, NULL),
(85, 149, 46, 0, '', '合同异常提醒', '', '/customer/contract/iMResponsible', '/pages/customer/invoice/details', 1, 1, '{#业务员}于{#触发时间}将{#合同名称}状态改为异常，请悉知！', '{\"yes\":\"\\u67e5\\u770b\\u8be6\\u60c5\"}', 0, 1, NULL, NULL, NULL),
(86, 150, 46, 1, '770575', '合同异常提醒', '', '', '', 1, 1, '{#业务员}于{#触发时间}将{#合同名称}状态改为异常，请悉知！', '', 0, 0, NULL, NULL, NULL),
(87, 151, 47, 0, '778413', '邀请完善信息', '', '/user/resume', '', 1, 1, '您当前所在企业{#企业名称}，邀请您完善个人档案信息。', '{\"yes\":\"\\u53bb\\u5904\\u7406\"}', 0, 1, NULL, NULL, NULL),
(88, 153, 48, 0, '', '企业动态提醒', '', '/user/notice/index', '/pages/users/noticeDefault/index', 1, 1, '您当前所在企业{#企业名称}，发布了一条新动态：{#文章标题}。', '{\"yes\":\"\\u67e5\\u770b\"}', 0, 1, NULL, NULL, NULL),
(89, 154, 48, 1, '', '企业动态提醒', '', '', '', 1, 1, '您当前所在企业{#企业名称}，发布了一条新动态：{#文章标题}。', '', 0, 0, NULL, NULL, NULL);

-- #晋升
INSERT INTO `eb_promotion` (`id`, `name`, `sort`, `status`, `created_at`, `updated_at`, `deleted_at`) VALUES
(1, '销售岗位', 1, 1, '2023-11-23 10:12:49', '2023-11-23 10:12:49', NULL);

-- #晋升数据
INSERT INTO `eb_promotion_data` (`id`, `promotion_id`, `position`, `total`, `benefit`, `standard`, `sort`, `created_at`, `updated_at`, `deleted_at`) VALUES
(1, 1, '[\"52\"]', '0.00', '{\"basicSalary\":\"6000\",\"performance\":\"2000\",\"commission\":\"12%\",\"teamAward\":\"1.5%\",\"dividends\":\"1%\"}', '', 0, '2023-11-23 10:29:48', '2023-11-23 10:33:23', NULL),
(2, 1, '[\"53\"]', '0.00', '{\"basicSalary\":\"5000\",\"performance\":\"1500\",\"commission\":\"12%\",\"teamAward\":\"1%\",\"dividends\":\"0\"}', '', 0, '2023-11-23 10:30:30', '2023-11-23 10:30:30', NULL),
(3, 1, '[\"54\"]', '0.00', '{\"basicSalary\":\"4000\",\"performance\":\"1000\",\"commission\":\"12%\",\"teamAward\":\"1%\",\"dividends\":\"0\"}', '', 0, '2023-11-23 10:30:51', '2023-11-23 10:33:04', NULL),
(4, 1, '[\"55\"]', '0.00', '{\"basicSalary\":\"3500\",\"performance\":\"800\",\"commission\":\"10%\",\"teamAward\":\"0\",\"dividends\":\"0\"}', '', 0, '2023-11-23 10:32:19', '2023-11-23 10:32:19', NULL),
(5, 1, '[\"56\"]', '0.00', '{\"basicSalary\":\"3000\",\"performance\":\"600\",\"commission\":\"10%\",\"teamAward\":\"0\",\"dividends\":\"0\"}', '', 0, '2023-11-23 10:32:35', '2023-11-23 10:32:35', NULL),
(6, 1, '[\"57\"]', '0.00', '{\"basicSalary\":\"2500\",\"performance\":\"400\",\"commission\":\"10%\",\"teamAward\":\"0\",\"dividends\":\"0\"}', '', 0, '2023-11-23 10:32:55', '2023-11-23 10:32:55', NULL);


-- #物资分类
INSERT INTO `eb_storage_category` (`id`, `pid`, `cate_name`, `path`, `sort`, `level`, `type`, `entid`, `created_at`, `updated_at`) VALUES
(1, 1, '办公家具', '1', 0, 2, 1, 1, '2023-11-23 08:14:14', '2023-11-23 08:14:14'),
(2, 1, '办公电脑', '1', 0, 2, 1, 1, '2023-11-23 08:14:49', '2023-11-23 08:14:49'),
(3, 1, '笔记本', '1', 0, 2, 0, 1, '2023-11-23 08:16:10', '2023-11-23 08:16:10'),
(4, 3, '签字笔', '1/3', 0, 3, 0, 1, '2023-11-23 08:16:18', '2023-11-23 08:16:31'),
(5, 1, '办公物资', '1', 0, 2, 1, 1, '2023-11-24 04:22:18', '2023-11-24 04:22:18'),
(6, 1, '办公设备', '1', 0, 2, 1, 1, '2023-11-24 08:43:57', '2023-11-24 08:43:57');

-- #客户配置
INSERT INTO `eb_system_group` (`id`, `cate_id`, `group_key`, `group_name`, `group_info`, `fields`, `entid`, `sort`, `created_at`, `updated_at`) VALUES
(1, 0, 'client_way', '客户来源', '客户来源', '[{\"name\":\"title\",\"param\":\"\",\"title\":\"\\u540d\\u79f0\",\"type\":\"input\"}]', 1, 0, '2022-08-18 11:03:56', '2022-08-18 11:03:56'),
(2, 0, 'client_renew', '续费类型', '续费类型', '[{\"name\":\"title\",\"param\":\"\",\"title\":\"\\u540d\\u79f0\",\"type\":\"input\"}]', 1, 0, '2022-08-18 11:03:56', '2022-08-18 11:03:56'),
(3, 0, 'client_cate', '客户分类', '客户分类', '[{\"name\":\"title\",\"param\":\"\",\"title\":\"\\u540d\\u79f0\",\"type\":\"input\"}]', 1, 0, '2022-08-18 11:03:56', '2022-08-18 11:03:56');

-- #客户配置数据
INSERT INTO `eb_system_group_data` (`id`, `group_id`, `value`, `sort`, `status`, `created_at`, `updated_at`) VALUES
(1, 1, '{\"title\":\"\\u5b98\\u7f51\"}', 10, 1, '2022-08-18 11:03:56', '2023-11-23 09:30:03'),
(2, 1, '{\"title\":\"\\u793e\\u7fa4\\u6316\\u6398\"}', 7, 1, '2022-08-18 11:03:56', '2023-11-23 09:30:03'),
(3, 1, '{\"title\":\"\\u767e\\u5ea6\\u63a8\\u5e7f\"}', 8, 1, '2022-08-18 11:03:56', '2023-11-23 09:30:03'),
(4, 1, '{\"title\":\"\\u670b\\u53cb\\u4ecb\\u7ecd\"}', 9, 1, '2022-08-18 11:03:56', '2023-11-23 09:30:03'),
(5, 1, '{\"title\":\"\\u964c\\u751f\\u62dc\\u8bbf\"}', 6, 1, '2022-08-18 11:03:56', '2023-11-23 09:30:03'),
(6, 1, '{\"title\":\"\\u5408\\u4f5c\\u4f19\\u4f34\\u63a8\\u8350\"}', 5, 1, '2022-08-18 11:03:56', '2023-11-23 09:30:03'),
(7, 1, '{\"title\":\"\\u6296\\u97f3\\u63a8\\u5e7f\"}', 4, 1, '2022-08-18 11:03:56', '2023-11-23 09:30:03'),
(8, 1, '{\"title\":\"\\u53c2\\u4f1a\\u8ba4\\u8bc6\"}', 3, 1, '2022-08-18 11:03:56', '2023-11-23 09:30:03'),
(9, 1, '{\"title\":\"\\u8bba\\u575b\\u53d1\\u5e16\"}', 2, 1, '2022-08-18 11:03:56', '2023-11-23 09:30:03'),
(10, 2, '{\"title\":\"\\u7ef4\\u62a4\\u7eed\\u8d39\"}', 6, 1, '2022-08-18 11:03:56', '2023-11-23 09:25:56'),
(11, 2, '{\"title\":\"\\u670d\\u52a1\\u7eed\\u8d39\"}', 5, 1, '2022-08-18 11:03:56', '2023-11-23 09:25:56'),
(12, 3, '{\"title\":\"\\u5927\\u578b\\u4f01\\u4e1a\"}', 1, 1, '2022-08-18 11:03:56', '2022-08-18 11:03:56'),
(13, 3, '{\"title\":\"\\u4e2d\\u5c0f\\u4f01\\u4e1a\"}', 0, 1, '2022-08-18 11:03:56', '2022-08-18 11:03:56'),
(14, 3, '{\"title\":\"\\u4e2d\\u5927\\u4f01\\u4e1a\"}', 0, 1, '2022-08-18 11:03:56', '2022-08-18 11:03:56'),
(15, 3, '{\"title\":\"\\u5c0f\\u5fae\\u4f01\\u4e1a\"}', 0, 1, '2022-08-18 11:03:56', '2022-08-18 11:03:56'),
(16, 3, '{\"title\":\"\\u96f6\\u552e\\u5546\"}', 0, 1, '2022-08-18 11:03:56', '2022-08-18 11:03:56'),
(17, 3, '{\"title\":\"\\u7ecf\\u9500\\u5546\"}', 0, 1, '2022-08-18 11:03:56', '2022-08-18 11:03:56'),
(18, 3, '{\"title\":\"\\u54c1\\u724c\\u5546\"}', 0, 1, '2022-08-18 11:03:56', '2022-08-18 11:03:56'),
(19, 3, '{\"title\":\"\\u751f\\u4ea7\\u5546\"}', 0, 1, '2022-08-18 11:03:56', '2022-08-18 11:03:56'),
(20, 2, '{\"title\":\"\\u57df\\u540d\\u7eed\\u8d39\"}', 4, 1, '2023-11-23 09:25:56', '2023-11-23 09:25:56'),
(21, 2, '{\"title\":\"ssl\\u8bc1\\u4e66\\u7eed\\u8d39\"}', 3, 1, '2023-11-23 09:25:56', '2023-11-23 09:25:56'),
(22, 2, '{\"title\":\"\\u5fae\\u4fe1\\u8ba4\\u8bc1\\u8d39\"}', 2, 1, '2023-11-23 09:25:56', '2023-11-23 09:25:56');

-- #日程类型
INSERT INTO `eb_schedule_type` (`id`, `uid`, `entid`, `name`, `sort`, `color`, `info`, `is_public`) VALUES
(1, '', 0, '个人提醒', 0, '#1890FF', '', 1),
(2, '', 0, '客户跟进', 0, '#19BE6B', '', 0),
(3, '', 0, '续费提醒', 0, '#FB7A4D', '', 0),
(4, '', 0, '回款提醒', 0, '#A277FF', '', 0),
(5, '', 0, '汇报待办', 0, '#1890FF', '', 0);
